r?
6
Suppose -j - 3*z = 8, 26*j - 27*j = -4*z - 20. Suppose -l + 64 + 48 = 3*x, -3*l = -x + 24. What is the highest common factor of x and j?
4
Let i(l) = -9*l**2 - 34*l - 7. Let j(r) = 10*r**2 + 35*r + 7. Let u(d) = 7*i(d) + 6*j(d). Let q be u(-9). What is the highest common factor of q and 32?
2
Let u = -285 + 35. Let w = u + 418. Calculate the highest common divisor of 21 and w.
21
Let q = -187 - -286. What is the greatest common divisor of 22 and q?
11
Suppose -p - 10 = 2*i - 54, -5*p + 176 = -i. Calculate the highest common divisor of 225 and p.
9
Let j = 818 + -601. What is the greatest common factor of j and 124?
31
Suppose -6*y = -3*y - 186. Let a = -44 + y. Calculate the greatest common divisor of a and 90.
18
Suppose -x + 0*x = -1. Suppose 2*i + 16 = 6*i - 2*f, 3*f = 4*i - 14. What is the highest common divisor of x and i?
1
Suppose -4*i = -k + 114, -3*i = 3*k - 6*i - 342. What is the greatest common factor of 285 and k?
57
Let m(w) = -12*w**2 + 5*w + 2. Let b be m(-4). Let o = b + 123. Let l = o - -123. Calculate the highest common factor of 54 and l.
18
Let u = 10 + -6. Suppose u*r + 1276 = 9*r - g, -2*r + 524 = 3*g. Suppose -b - r = -3*d, -d + 39 = 4*b - 29. What is the highest common divisor of 28 and d?
28
Suppose m - 21 = s, -5*m = 2*s - 6*s - 102. Calculate the highest common divisor of 576 and m.
18
Let q(w) = -3*w**3 + 3*w**2 - 3. Let f be q(-2). Let i be (6/(-12) - (-530)/4) + 0. What is the greatest common divisor of f and i?
33
Let x = 610 + 38. What is the highest common factor of x and 144?
72
Suppose 2376 = -16*v + 49*v. Suppose 4*p + c = 37, -3*p - 2*p = 3*c - 55. What is the greatest common factor of v and p?
8
Suppose -4*w + 2733 = 3*f, -3*f + 681 = 10*w - 9*w. Calculate the greatest common divisor of w and 36.
36
Suppose -3*k + 39 = 3*d, 0 = 4*d + 6*k - k - 51. Let i = d - -71. What is the greatest common factor of 17 and i?
17
Let x be -2 + -1 - (-2 - -1). Let t(j) = j**2 + 33*j + 210. Let b be t(-25). Let r = b - x. Calculate the greatest common factor of 3 and r.
3
Suppose 0 = g - 4*b - 21, 5*g - 2*b - 33 = -0*b. Let s be (-35)/(0 + g)*-5. What is the highest common divisor of 14 and s?
7
Let w = -1155 - -1474. What is the greatest common divisor of w and 29?
29
Suppose 4*g - 4*o = 29 + 75, 48 = 2*g - 3*o. Let i(y) = y**2 - 3*y + 1. Let w be i(4). Suppose 9 = -w*l + 59. Calculate the greatest common divisor of g and l.
10
Suppose -4*b - 1632 = -7*w + 2*w, -5*w = -5*b - 1635. Calculate the highest common factor of w and 12.
12
Suppose v - 840 = -830. Calculate the highest common divisor of 1090 and v.
10
Suppose 3*y - 51 = 21. Let j = y + -21. Calculate the greatest common divisor of j and 9.
3
Let m = 428 - -244. Suppose m = 4*l - 0*l. Let q be ((-16)/(-3))/(16/l). Calculate the greatest common divisor of q and 8.
8
Suppose -10*j + 85 = -225. Calculate the highest common factor of 93 and j.
31
Let k(t) be the third derivative of t**4/24 + 10*t**3/3 + 29*t**2. Let j be k(0). What is the greatest common divisor of 4 and j?
4
Let q(l) = -1 + 14*l**2 - 3*l - 14 + l**3 - 3*l**2. Let d be q(-11). Let a = 57 + -30. Calculate the greatest common divisor of a and d.
9
Suppose -5*t = -r + 30, -170 = -5*r - 3*t + 36. Suppose 4*x + 72 = 10*x. Let g be x/15*20/1. Calculate the highest common factor of g and r.
8
Let k(d) = 25*d**2 - 15*d - 96. Let z(h) = -5*h**2 + 3*h + 19. Let q(w) = -2*k(w) - 11*z(w). Let g be q(4). What is the highest common factor of 17 and g?
17
Let c be 64 - (12/(-10) - 5/(-25)). Calculate the highest common factor of c and 39.
13
Let q = 28 + -46. Let h be 10/45 - 752/q. Let v = 12 + 2. What is the greatest common factor of h and v?
14
Let c be (3/(-2))/(3/366). Let i = 539 + c. Suppose -s + 5*x = -107, -2*x - i = -5*s + 294. What is the highest common factor of 12 and s?
12
Let k(t) = -t**2 + 6*t + 18. Let b be k(8). Suppose 0 = -2*h + 4*d + 22, b*h - 20 = 3*d + 2. Calculate the greatest common divisor of h and 88.
11
Let n = 37 + -69. Let t = -31 - n. What is the highest common factor of 8 and t?
1
Let q = 8 + -1. Suppose 30 = -q*o + 2. Let v be (10 - 2 - o) + 3. What is the greatest common factor of v and 135?
15
Suppose -6*l + 5*b - 4 = -2*l, -5*b + 20 = 0. Suppose -l*k - 5*y = -5 - 19, -3*y = -k + 6. What is the greatest common divisor of 12 and k?
6
Let w(m) = 2*m**3 + 16*m**2 - m - 3. Let a be w(-7). Calculate the greatest common factor of 12 and a.
6
Let p be 3 - ((-16)/(-4) + -3 + -125). What is the greatest common factor of p and 4699?
127
Suppose -4441 = -10*b + 9059. Calculate the greatest common factor of 9 and b.
9
Let c = 73 + -44. Suppose 0 = x - c - 103. Let v = -10 + 22. Calculate the highest common factor of v and x.
12
Let j = -83 + 85. Suppose -7*v = -3*v - 12. Suppose v*i = -y + 26, -j*i - 20 = -y - y. What is the greatest common divisor of 28 and y?
14
Suppose -4*o - p = -56, 4*o + 2*p - 44 = 12. Let q = o - 11. Let s be q*4/(48/124). What is the greatest common divisor of 155 and s?
31
Let h(n) = 2*n**2 - 11*n + 5. Let v be h(5). Suppose -m + v*j = 3*j + 3, -4*j = -2*m + 44. Calculate the highest common divisor of 108 and m.
12
Let z(c) = c**2 + 13. Let o(s) = -s + 1. Let p be o(-7). Let f be z(p). Calculate the highest common divisor of 7 and f.
7
Suppose 0 = -0*y - 2*y. Suppose q - 5*k - 88 = y, q - 88 = 3*k - 0*k. Let f(a) = -a. Let o be f(-8). Calculate the highest common factor of q and o.
8
Let j be (2 + (-8)/2)/1 - -947. Let a be ((-32)/10)/((-21)/j) + 3. What is the highest common divisor of 98 and a?
49
Suppose -234 = 37*v - 43*v. What is the highest common factor of 39 and v?
39
Suppose 2*b + 23 = -z + 69, 0 = -5*z + 10. Calculate the highest common factor of b and 286.
22
Let h(r) = r**3 - 27*r**2 + 43*r - 122. Let a be h(26). Calculate the greatest common factor of 448 and a.
64
Let c be 6775/55 + 2/(-11). Let z = -109 + c. Calculate the highest common divisor of z and 21.
7
Let g be (-187*1 + 2)/(37 + -38). Calculate the highest common divisor of g and 5.
5
Let q(j) = -j**3 - 4*j**2 + 21*j + 24. Let k be q(-7). What is the highest common factor of 1896 and k?
24
Suppose -8*w = -1345 - 407. Calculate the greatest common divisor of 146 and w.
73
Let z(x) = x**3 + 5*x**2 + 3*x + 1. Suppose -2*r - 2 = 3*f + 6, 2*r = 4. Let s be z(f). Let q = 2248 + -2203. What is the highest common divisor of q and s?
5
Let f(p) = -p**2 - 13*p - 9. Let y = -85 + 76. Let v be f(y). What is the greatest common divisor of v and 189?
27
Let w be (10/6)/(1615/(-102) - -16). Let m(t) = t - 2. Let p be m(4). What is the highest common divisor of p and w?
2
Let h(s) = 3*s**2 + 2*s + 3. Let v be h(-3). Let y = 39 - v. Let x be (0 - (-1 + 0))*y. Calculate the greatest common factor of 10 and x.
5
Suppose 4*y + 3*o = 308, 5*y + 3*o - 385 = 4*o. What is the greatest common factor of y and 649?
11
Suppose -3*c + 157 = -2*g, 2*g + 2*g + 289 = c. Let j = g + 80. Suppose -294 = -3*m + s, 5*m - s + 59 = 551. Calculate the highest common divisor of j and m.
9
Suppose -5*y = 3*c - 2*y - 156, 2*c - y = 98. Calculate the greatest common divisor of 30 and c.
10
Let p = -220 + 380. Let f be 404/20 - 1/5. Calculate the greatest common factor of p and f.
20
Let o(d) = 4*d**3 - 3*d - 13. Let c be o(4). Calculate the greatest common divisor of c and 308.
77
Suppose -63*l + 18970 = -32690. Calculate the greatest common divisor of 20 and l.
20
Suppose 3*a = k - 18, 3*a + 31 = 2*k + 10. Suppose 3*h + 2*o - 115 = k*o, -o - 1 = 0. Calculate the highest common factor of h and 57.
19
Suppose -2*v - 6 + 22 = 0. Suppose 3*t - 7*t = -v. Let c(h) = 6*h**3 + 3*h**2 - 2*h. Let i be c(t). Calculate the highest common divisor of i and 7.
7
Let b = 353 - 281. Calculate the highest common divisor of 96 and b.
24
Suppose 3*o - 172 = 2*w, -2*o + 108 = -0*w - 3*w. Calculate the highest common divisor of o and 150.
30
Let v be 35/7 - (-182 + -3). What is the greatest common factor of 10 and v?
10
Let y(m) = -5*m**2 + 23*m + 11. Let j be y(5). What is the greatest common factor of 7 and j?
1
Suppose 561 - 557 = k. Calculate the greatest common divisor of k and 108.
4
Let q = -567 - -606. Calculate the greatest common factor of 117 and q.
39
Let g = 9 - 12. Let o = g - -5. Suppose -2*a = 0, 2*x - o*a = 3*a + 28. What is the great